{"id":524,"date":"2023-01-15T21:37:06","date_gmt":"2023-01-15T20:37:06","guid":{"rendered":"https:\/\/brembana.info\/borghi\/wp\/?page_id=524"},"modified":"2023-02-22T00:16:55","modified_gmt":"2023-02-21T23:16:55","slug":"borgo-di-pussdosso","status":"publish","type":"page","link":"https:\/\/brembana.info\/borghi\/borgo-di-pussdosso\/","title":{"rendered":"Borgo di Pussdosso"},"content":{"rendered":"\t\t<div data-elementor-type=\"wp-page\" data-elementor-id=\"524\" class=\"elementor elementor-524\">\n\t\t\t\t\t\t\t\t\t<header class=\"elementor-section elementor-top-section elementor-element elementor-element-26cfc3d elementor-section-height-min-height elementor-section-boxed elementor-section-height-default elementor-section-items-middle\" data-id=\"26cfc3d\" data-element_type=\"section\" data-settings=\"{&quot;background_background&quot;:&quot;classic&quot;,&quot;shape_divider_bottom&quot;:&quot;arrow&quot;,&quot;shape_divider_bottom_negative&quot;:&quot;yes&quot;}\">\n\t\t\t\t\t\t\t<div class=\"elementor-background-overlay\"><\/div>\n\t\t\t\t\t\t<div class=\"elementor-shape elementor-shape-bottom\" data-negative=\"true\">\n\t\t\t<svg xmlns=\"http:\/\/www.w3.org\/2000\/svg\" viewBox=\"0 0 700 10\" preserveAspectRatio=\"none\">\n\t<path class=\"elementor-shape-fill\" d=\"M360 0L350 9.9 340 0 0 0 0 10 700 10 700 0\"\/>\n<\/svg>\t\t<\/div>\n\t\t\t\t\t<div class=\"elementor-container elementor-column-gap-no\">\n\t\t\t\t\t<div class=\"elementor-column elementor-col-100 elementor-top-column elementor-element elementor-element-f8c9ab8\" data-id=\"f8c9ab8\" data-element_type=\"column\">\n\t\t\t<div class=\"elementor-widget-wrap elementor-element-populated\">\n\t\t\t\t\t\t\t\t<div class=\"elementor-element elementor-element-f802be4 elementor-invisible elementor-widget elementor-widget-text-editor\" data-id=\"f802be4\" data-element_type=\"widget\" data-settings=\"{&quot;_animation&quot;:&quot;fadeInDown&quot;}\" data-widget_type=\"text-editor.default\">\n\t\t\t\t<div class=\"elementor-widget-container\">\n\t\t\t<style>\/*! elementor - v3.13.3 - 22-05-2023 *\/\n.elementor-widget-text-editor.elementor-drop-cap-view-stacked .elementor-drop-cap{background-color:#69727d;color:#fff}.elementor-widget-text-editor.elementor-drop-cap-view-framed .elementor-drop-cap{color:#69727d;border:3px solid;background-color:transparent}.elementor-widget-text-editor:not(.elementor-drop-cap-view-default) .elementor-drop-cap{margin-top:8px}.elementor-widget-text-editor:not(.elementor-drop-cap-view-default) .elementor-drop-cap-letter{width:1em;height:1em}.elementor-widget-text-editor .elementor-drop-cap{float:left;text-align:center;line-height:1;font-size:50px}.elementor-widget-text-editor .elementor-drop-cap-letter{display:inline-block}<\/style>\t\t\t\t<p>Borghi brembani<\/p>\t\t\t\t\t\t<\/div>\n\t\t\t\t<\/div>\n\t\t\t\t<div class=\"elementor-element elementor-element-2530c84 elementor-invisible elementor-widget elementor-widget-heading\" data-id=\"2530c84\" data-element_type=\"widget\" data-settings=\"{&quot;_animation&quot;:&quot;fadeInUp&quot;}\" data-widget_type=\"heading.default\">\n\t\t\t\t<div class=\"elementor-widget-container\">\n\t\t\t<style>\/*! elementor - v3.13.3 - 22-05-2023 *\/\n.elementor-heading-title{padding:0;margin:0;line-height:1}.elementor-widget-heading .elementor-heading-title[class*=elementor-size-]>a{color:inherit;font-size:inherit;line-height:inherit}.elementor-widget-heading .elementor-heading-title.elementor-size-small{font-size:15px}.elementor-widget-heading .elementor-heading-title.elementor-size-medium{font-size:19px}.elementor-widget-heading .elementor-heading-title.elementor-size-large{font-size:29px}.elementor-widget-heading .elementor-heading-title.elementor-size-xl{font-size:39px}.elementor-widget-heading .elementor-heading-title.elementor-size-xxl{font-size:59px}<\/style><h1 class=\"elementor-heading-title elementor-size-default\">Borgo di Pusdosso<\/h1>\t\t<\/div>\n\t\t\t\t<\/div>\n\t\t\t\t\t<\/div>\n\t\t<\/div>\n\t\t\t\t\t\t\t<\/div>\n\t\t<\/header>\n\t\t\t\t<section class=\"elementor-section elementor-top-section elementor-element elementor-element-594c41a elementor-section-content-middle elementor-section-boxed elementor-section-height-default elementor-section-height-default\" data-id=\"594c41a\" data-element_type=\"section\" data-settings=\"{&quot;background_background&quot;:&quot;classic&quot;}\">\n\t\t\t\t\t\t<div class=\"elementor-container elementor-column-gap-extended\">\n\t\t\t\t\t<div class=\"elementor-column elementor-col-33 elementor-top-column elementor-element elementor-element-59e6f62\" data-id=\"59e6f62\" data-element_type=\"column\">\n\t\t\t<div class=\"elementor-widget-wrap elementor-element-populated\">\n\t\t\t\t\t\t\t\t<div class=\"elementor-element elementor-element-3f8643e elementor-widget elementor-widget-spacer\" data-id=\"3f8643e\" data-element_type=\"widget\" data-widget_type=\"spacer.default\">\n\t\t\t\t<div class=\"elementor-widget-container\">\n\t\t\t<style>\/*! elementor - v3.13.3 - 22-05-2023 *\/\n.elementor-column .elementor-spacer-inner{height:var(--spacer-size)}.e-con{--container-widget-width:100%}.e-con-inner>.elementor-widget-spacer,.e-con>.elementor-widget-spacer{width:var(--container-widget-width,var(--spacer-size));--align-self:var(--container-widget-align-self,initial);--flex-shrink:0}.e-con-inner>.elementor-widget-spacer>.elementor-widget-container,.e-con-inner>.elementor-widget-spacer>.elementor-widget-container>.elementor-spacer,.e-con>.elementor-widget-spacer>.elementor-widget-container,.e-con>.elementor-widget-spacer>.elementor-widget-container>.elementor-spacer{height:100%}.e-con-inner>.elementor-widget-spacer>.elementor-widget-container>.elementor-spacer>.elementor-spacer-inner,.e-con>.elementor-widget-spacer>.elementor-widget-container>.elementor-spacer>.elementor-spacer-inner{height:var(--container-widget-height,var(--spacer-size))}<\/style>\t\t<div class=\"elementor-spacer\">\n\t\t\t<div class=\"elementor-spacer-inner\"><\/div>\n\t\t<\/div>\n\t\t\t\t<\/div>\n\t\t\t\t<\/div>\n\t\t\t\t<div class=\"elementor-element elementor-element-1fb70f9 elementor-invisible elementor-widget elementor-widget-image\" data-id=\"1fb70f9\" data-element_type=\"widget\" data-settings=\"{&quot;_animation&quot;:&quot;fadeIn&quot;}\" data-widget_type=\"image.default\">\n\t\t\t\t<div class=\"elementor-widget-container\">\n\t\t\t<style>\/*! elementor - v3.13.3 - 22-05-2023 *\/\n.elementor-widget-image{text-align:center}.elementor-widget-image a{display:inline-block}.elementor-widget-image a img[src$=\".svg\"]{width:48px}.elementor-widget-image img{vertical-align:middle;display:inline-block}<\/style>\t\t\t\t\t\t\t\t\t\t\t\t<img loading=\"lazy\" decoding=\"async\" width=\"281\" height=\"263\" src=\"https:\/\/brembana.info\/borghi\/wp-content\/uploads\/2023\/02\/pusdosso2.jpg\" class=\"attachment-full size-full wp-image-527\" alt=\"\" \/>\t\t\t\t\t\t\t\t\t\t\t\t\t\t\t<\/div>\n\t\t\t\t<\/div>\n\t\t\t\t\t<\/div>\n\t\t<\/div>\n\t\t\t\t<div class=\"elementor-column elementor-col-33 elementor-top-column elementor-element elementor-element-3364bd3\" data-id=\"3364bd3\" data-element_type=\"column\">\n\t\t\t<div class=\"elementor-widget-wrap elementor-element-populated\">\n\t\t\t\t\t\t\t\t<div class=\"elementor-element elementor-element-48833bc elementor-widget elementor-widget-spacer\" data-id=\"48833bc\" data-element_type=\"widget\" data-widget_type=\"spacer.default\">\n\t\t\t\t<div class=\"elementor-widget-container\">\n\t\t\t\t\t<div class=\"elementor-spacer\">\n\t\t\t<div class=\"elementor-spacer-inner\"><\/div>\n\t\t<\/div>\n\t\t\t\t<\/div>\n\t\t\t\t<\/div>\n\t\t\t\t\t<\/div>\n\t\t<\/div>\n\t\t\t\t<div class=\"elementor-column elementor-col-33 elementor-top-column elementor-element elementor-element-f09f0e4\" data-id=\"f09f0e4\" data-element_type=\"column\">\n\t\t\t<div class=\"elementor-widget-wrap elementor-element-populated\">\n\t\t\t\t\t\t\t\t<div class=\"elementor-element elementor-element-67322bb elementor-invisible elementor-widget elementor-widget-text-editor\" data-id=\"67322bb\" data-element_type=\"widget\" data-settings=\"{&quot;_animation&quot;:&quot;fadeInDown&quot;}\" data-widget_type=\"text-editor.default\">\n\t\t\t\t<div class=\"elementor-widget-container\">\n\t\t\t\t\t\t\t<p>UN PO DI STORIA<\/p>\t\t\t\t\t\t<\/div>\n\t\t\t\t<\/div>\n\t\t\t\t<div class=\"elementor-element elementor-element-6c3385f elementor-invisible elementor-widget elementor-widget-heading\" data-id=\"6c3385f\" data-element_type=\"widget\" data-settings=\"{&quot;_animation&quot;:&quot;fadeInUp&quot;}\" data-widget_type=\"heading.default\">\n\t\t\t\t<div class=\"elementor-widget-container\">\n\t\t\t<h2 class=\"elementor-heading-title elementor-size-default\">Pusdosso e i Borghi di Fondra<\/h2>\t\t<\/div>\n\t\t\t\t<\/div>\n\t\t\t\t<div class=\"elementor-element elementor-element-0af1060 elementor-widget elementor-widget-text-editor\" data-id=\"0af1060\" data-element_type=\"widget\" data-widget_type=\"text-editor.default\">\n\t\t\t\t<div class=\"elementor-widget-container\">\n\t\t\t\t\t\t\t<p>Pusdosso, posta a 1038 metri di quota, \u00e8 la frazione pi\u00f9 alta del Comune di Isola di Fondra, ed \u00e8 la pi\u00f9 popolata: 7 sono i residenti, cui si aggiungono almeno una ventina di persone nei fine settimana e nel periodo estivo. Il Borgo di Pusdosso, come tutti i paesi dell&#8217;alta valle ed anche le frazioni, nel dopoguerra, ha subito una forte migrazione.<\/p>\t\t\t\t\t\t<\/div>\n\t\t\t\t<\/div>\n\t\t\t\t<div class=\"elementor-element elementor-element-8332b23 elementor-widget elementor-widget-image\" data-id=\"8332b23\" data-element_type=\"widget\" data-widget_type=\"image.default\">\n\t\t\t\t<div class=\"elementor-widget-container\">\n\t\t\t\t\t\t\t\t\t\t\t\t\t\t\t<img loading=\"lazy\" decoding=\"async\" width=\"497\" height=\"211\" src=\"https:\/\/brembana.info\/borghi\/wp-content\/uploads\/2023\/02\/cartina-7.gif\" class=\"attachment-large size-large wp-image-530\" alt=\"\" \/>\t\t\t\t\t\t\t\t\t\t\t\t\t\t\t<\/div>\n\t\t\t\t<\/div>\n\t\t\t\t\t<\/div>\n\t\t<\/div>\n\t\t\t\t\t\t\t<\/div>\n\t\t<\/section>\n\t\t\t\t<section class=\"elementor-section elementor-top-section elementor-element elementor-element-bd9b7c4 elementor-section-boxed elementor-section-height-default elementor-section-height-default\" data-id=\"bd9b7c4\" data-element_type=\"section\" data-settings=\"{&quot;background_background&quot;:&quot;classic&quot;}\">\n\t\t\t\t\t\t\t<div class=\"elementor-background-overlay\"><\/div>\n\t\t\t\t\t\t\t<div class=\"elementor-container elementor-column-gap-no\">\n\t\t\t\t\t<div class=\"elementor-column elementor-col-50 elementor-top-column elementor-element elementor-element-f8cae5f\" data-id=\"f8cae5f\" data-element_type=\"column\">\n\t\t\t<div class=\"elementor-widget-wrap elementor-element-populated\">\n\t\t\t\t\t\t\t\t<div class=\"elementor-element elementor-element-fb92d37 elementor-widget elementor-widget-text-editor\" data-id=\"fb92d37\" data-element_type=\"widget\" data-widget_type=\"text-editor.default\">\n\t\t\t\t<div class=\"elementor-widget-container\">\n\t\t\t\t\t\t\t<p>Negli anni &#8217;50 contava circa 60 abitanti che per motivi di lavoro si sono trasferiti in Francia, ma sopratutto a Sesto San Giovanni (Acciaierie Falck). Alcuni di loro hanno mantenuto la casa e nel periodo estivo vi fanno ritorno. Caratteristica \u00e8 la disposizione dell&#8217;abitato con la chiesetta dei Santi Valentino e pantaleone, le solide case di pietra addossate le une alle altre e, pi\u00f9 distanti, le stalle. La disposizione serrata delle case \u00e8 stata causa di frequenti e gravi incendi: si ricorda ancora quello che colp\u00ec la frazione alla fine del 1800 e che caus\u00f2 la distruzione di alcune abitazioni, i cui resti sono visibili nella piazzetta. Per spegnerlo fu necessario tagliare il tetto delle case vicine a quella interessata all&#8217;evento, anche perch\u00e8 nella frazione non c&#8217;erano fontane e l&#8217;acqua la si andava a prendere con i secchi nella valle o nel pozzo. Interessante \u00e8 l&#8217;edificio posto sopra la piazza, di propriet\u00e0 della famiglia Paganoni, probabilmente edificato nel 1500; la data visibile sotto l&#8217;ala del tetto (1775) indica l&#8217;epoca in cui la casa sub\u00ec delle ristrutturazioni.<\/p>\t\t\t\t\t\t<\/div>\n\t\t\t\t<\/div>\n\t\t\t\t<div class=\"elementor-element elementor-element-21b6008 elementor-widget elementor-widget-image\" data-id=\"21b6008\" data-element_type=\"widget\" data-widget_type=\"image.default\">\n\t\t\t\t<div class=\"elementor-widget-container\">\n\t\t\t\t\t\t\t\t\t\t\t\t\t\t\t<img loading=\"lazy\" decoding=\"async\" width=\"281\" height=\"263\" src=\"https:\/\/brembana.info\/borghi\/wp-content\/uploads\/2023\/02\/pusdosso2.jpg\" class=\"attachment-large size-large wp-image-527\" alt=\"\" \/>\t\t\t\t\t\t\t\t\t\t\t\t\t\t\t<\/div>\n\t\t\t\t<\/div>\n\t\t\t\t<div class=\"elementor-element elementor-element-77003e9 elementor-widget elementor-widget-spacer\" data-id=\"77003e9\" data-element_type=\"widget\" data-widget_type=\"spacer.default\">\n\t\t\t\t<div class=\"elementor-widget-container\">\n\t\t\t\t\t<div class=\"elementor-spacer\">\n\t\t\t<div class=\"elementor-spacer-inner\"><\/div>\n\t\t<\/div>\n\t\t\t\t<\/div>\n\t\t\t\t<\/div>\n\t\t\t\t<div class=\"elementor-element elementor-element-787646a elementor-widget elementor-widget-text-editor\" data-id=\"787646a\" data-element_type=\"widget\" data-widget_type=\"text-editor.default\">\n\t\t\t\t<div class=\"elementor-widget-container\">\n\t\t\t\t\t\t\t<p>Le prime miniere si trovano a poche decine di metri dalle abitazioni, ma la maggior concentrazione \u00e8 nella parte pi\u00f9 alta della valle, sopra i 1100 metri. Forcella &#8211; Narra la leggenda che di questa frazione fosse il simpatico personaggio che fece entrare nella tradizione popolare il nome di Fondra. Si racconta che un giovane di Forcella, recatosi a Roma per lavoro, si era sposato con una ragazza romana. Quando decise di ritornare al paese nat\u00eco, cerc\u00f2 in tutti i modi di convincerla a lasciare senza rimpianti la citt\u00e0, e per raggiungere il suo scopo s&#8217;improvvis\u00f2 poeta inventando una breve poesia che decantava le bellezze dei luoghi d&#8217;origine. Il cantico cominciava cos\u00ec: &#8220;Roma l&#8217;\u00e8 bela, ma Fundra l&#8217;\u00e8 so sorela&#8230;<\/p>\t\t\t\t\t\t<\/div>\n\t\t\t\t<\/div>\n\t\t\t\t<div class=\"elementor-element elementor-element-7e95d64 elementor-widget elementor-widget-image\" data-id=\"7e95d64\" data-element_type=\"widget\" data-widget_type=\"image.default\">\n\t\t\t\t<div class=\"elementor-widget-container\">\n\t\t\t\t\t\t\t\t\t\t\t\t\t\t\t<img loading=\"lazy\" decoding=\"async\" width=\"278\" height=\"263\" src=\"https:\/\/brembana.info\/borghi\/wp-content\/uploads\/2023\/02\/pusdosso4.jpg\" class=\"attachment-large size-large wp-image-529\" alt=\"\" \/>\t\t\t\t\t\t\t\t\t\t\t\t\t\t\t<\/div>\n\t\t\t\t<\/div>\n\t\t\t\t\t<\/div>\n\t\t<\/div>\n\t\t\t\t<div class=\"elementor-column elementor-col-50 elementor-top-column elementor-element elementor-element-fa84ebf\" data-id=\"fa84ebf\" data-element_type=\"column\">\n\t\t\t<div class=\"elementor-widget-wrap elementor-element-populated\">\n\t\t\t\t\t\t\t\t<div class=\"elementor-element elementor-element-892f9f1 elementor-widget elementor-widget-image\" data-id=\"892f9f1\" data-element_type=\"widget\" data-widget_type=\"image.default\">\n\t\t\t\t<div class=\"elementor-widget-container\">\n\t\t\t\t\t\t\t\t\t\t\t\t\t\t\t<img loading=\"lazy\" decoding=\"async\" width=\"280\" height=\"265\" src=\"https:\/\/brembana.info\/borghi\/wp-content\/uploads\/2023\/02\/pusdosso1.jpg\" class=\"attachment-large size-large wp-image-526\" alt=\"\" \/>\t\t\t\t\t\t\t\t\t\t\t\t\t\t\t<\/div>\n\t\t\t\t<\/div>\n\t\t\t\t<div class=\"elementor-element elementor-element-de225ad elementor-widget elementor-widget-text-editor\" data-id=\"de225ad\" data-element_type=\"widget\" data-widget_type=\"text-editor.default\">\n\t\t\t\t<div class=\"elementor-widget-container\">\n\t\t\t\t\t\t\t<p>Oggi il Borgo di Pusdosso, come le altre frazioni, \u00e8 dotata di acquedotto e fognature, e di corrente elettrica (dal 1975). Non \u00e8 per\u00f2 raggiunta dalla strada agro-silvo-pastorale che si ferma poco sotto la frazione di Cornelli. Pusdosso \u00e8 quindi raggiungibile solo a piedi, ed il trasporto dei materiali viene fatto con la teleferica oppure con gli elicotteri. Questi ultimi vengono anche utilizzati per le emergenze sanitarie, grazie al soccorso alpino del CAI Sezione alta Valle Brembana. La zona del Borgo antico di Pusdosso presenta un certo interesse geologico, soprattutto in considerazione dei giacimenti di ferro e delle vecchie miniere di cui vi \u00e8 ancora traccia nella zona. La frazione di Via Piana, posta a 913 m sul livello del mare, si trova sulle pendici di un rilievo chiamato Monte delle Miniere. Su entrambi i fianchi della valle che separa questa frazione da Pusdosso sono ancora abbastanza riconoscibili gli antichi scavi minerari che furono eseguiti sia in galleria, sia a cielo aperto.<\/p>\t\t\t\t\t\t<\/div>\n\t\t\t\t<\/div>\n\t\t\t\t<div class=\"elementor-element elementor-element-f31f41f elementor-widget elementor-widget-image\" data-id=\"f31f41f\" data-element_type=\"widget\" data-widget_type=\"image.default\">\n\t\t\t\t<div class=\"elementor-widget-container\">\n\t\t\t\t\t\t\t\t\t\t\t\t\t\t\t<img loading=\"lazy\" decoding=\"async\" width=\"281\" height=\"263\" src=\"https:\/\/brembana.info\/borghi\/wp-content\/uploads\/2023\/02\/pusdosso3.jpg\" class=\"attachment-large size-large wp-image-528\" alt=\"\" \/>\t\t\t\t\t\t\t\t\t\t\t\t\t\t\t<\/div>\n\t\t\t\t<\/div>\n\t\t\t\t<div class=\"elementor-element elementor-element-35257ea elementor-widget elementor-widget-text-editor\" data-id=\"35257ea\" data-element_type=\"widget\" data-widget_type=\"text-editor.default\">\n\t\t\t\t<div class=\"elementor-widget-container\">\n\t\t\t\t\t\t\t<p>Molto bella \u00e8 la posizione geografica di Forcella che, arroccata su un poggio, domina dall&#8217;alto il fiume Brembo, la strada provinciale, l&#8217;abitato di Fondra, la dirimpettaia Forcella di Bordogna e la cascata, mentre sulla costa a sinistra si dispiegano le altre frazioni. Un antica mulattiera di cui si sono perse le tracce la collegava a Moio de&#8217; Calvi. Tra le case di pietra spicca un&#8217;abitazione con la facciata affrescata in modo elegante e signorile. Sembra che i proprietari siano stati in grado di realizzarla grazie alla &#8220;dote&#8221; di un bambino che avevano adottato: alle famiglie adottive veniva, infatti, assegnato un piccolo patrimonio (un tempo si adottavano i bambini proprio per avere in cambio un&#8217;entrata sicura). La frazione di Cornelli probabilmente prende il suo nome dal bergamasco &#8220;corna&#8221;, infatti si trova sopra le rocce che sovrastano Fondra. Anche qui si trovano edifici che risalgono al 1600. Cornelli \u00e8 caratterizzata da un pianoro dove venivano coltivati segale, granoturco e canapa. Quest&#8217;ultima, una volta filata, era utilizzata per la realizzazione di rustiche stoffe. Foppa \u00e8 la frazione che negli ultimi anni ha subito maggiori ristrutturazioni. Sotto i portici vi sono testimonianze di abitazioni risalenti al 1500. Anche la chiesetta dedicata a Sant&#8217;Agata fu edificata in quel periodo, e durante la peste del 1630 fu usata come chiesa parrocchiale. I boschi intorno alla frazione sono ricchi di castagni i cui frutti un tempo costituivano una risorsa alimentare importante per la popolazione. Le castagne potevano essere consumate qualche giorno dopo la raccolta lessate o come caldarroste; la maggior parte per\u00f2 veniva conservata in luoghi asciutti e sicuri, ed era alimento integrante della dieta contadina nel periodo invernale, o quando le modeste scorte di cereali si esaurivano.<\/p>\t\t\t\t\t\t<\/div>\n\t\t\t\t<\/div>\n\t\t\t\t\t<\/div>\n\t\t<\/div>\n\t\t\t\t\t\t\t<\/div>\n\t\t<\/section>\n\t\t\t\t<section class=\"elementor-section elementor-top-section elementor-element elementor-element-7e04122 elementor-section-content-middle elementor-section-boxed elementor-section-height-default elementor-section-height-default\" data-id=\"7e04122\" data-element_type=\"section\" data-settings=\"{&quot;background_background&quot;:&quot;classic&quot;}\">\n\t\t\t\t\t\t<div class=\"elementor-container elementor-column-gap-extended\">\n\t\t\t\t\t<div class=\"elementor-column elementor-col-100 elementor-top-column elementor-element elementor-element-5bc9558\" data-id=\"5bc9558\" data-element_type=\"column\">\n\t\t\t<div class=\"elementor-widget-wrap elementor-element-populated\">\n\t\t\t\t\t\t\t\t<div class=\"elementor-element elementor-element-2da5161 elementor-arrows-position-inside elementor-pagination-position-outside elementor-widget elementor-widget-image-carousel\" data-id=\"2da5161\" data-element_type=\"widget\" data-settings=\"{&quot;navigation&quot;:&quot;both&quot;,&quot;autoplay&quot;:&quot;yes&quot;,&quot;pause_on_hover&quot;:&quot;yes&quot;,&quot;pause_on_interaction&quot;:&quot;yes&quot;,&quot;autoplay_speed&quot;:5000,&quot;infinite&quot;:&quot;yes&quot;,&quot;speed&quot;:500}\" data-widget_type=\"image-carousel.default\">\n\t\t\t\t<div class=\"elementor-widget-container\">\n\t\t\t<style>\/*! elementor - v3.13.3 - 22-05-2023 *\/\n.elementor-widget-image-carousel .swiper,.elementor-widget-image-carousel .swiper-container{position:static}.elementor-widget-image-carousel .swiper-container .swiper-slide figure,.elementor-widget-image-carousel .swiper .swiper-slide figure{line-height:inherit}.elementor-widget-image-carousel .swiper-slide{text-align:center}.elementor-image-carousel-wrapper:not(.swiper-container-initialized):not(.swiper-initialized) .swiper-slide{max-width:calc(100% \/ var(--e-image-carousel-slides-to-show, 3))}<\/style>\t\t<div class=\"elementor-image-carousel-wrapper swiper-container\" dir=\"ltr\">\n\t\t\t<div class=\"elementor-image-carousel swiper-wrapper\">\n\t\t\t\t\t\t\t\t<div class=\"swiper-slide\"><figure class=\"swiper-slide-inner\"><img decoding=\"async\" class=\"swiper-slide-image\" src=\"https:\/\/brembana.info\/borghi\/wp-content\/uploads\/elementor\/thumbs\/pusdosso4-q2i7sj9xugijy1csfvk7eelodvajanvkzvilcbttug.jpg\" alt=\"pusdosso4\" \/><\/figure><\/div><div class=\"swiper-slide\"><figure class=\"swiper-slide-inner\"><img decoding=\"async\" class=\"swiper-slide-image\" src=\"https:\/\/brembana.info\/borghi\/wp-content\/uploads\/elementor\/thumbs\/pusdosso3-q2i7sic3nmh9mfe5ld5ktwu7shf62yrunqv3v1v80o.jpg\" alt=\"pusdosso3\" \/><\/figure><\/div><div class=\"swiper-slide\"><figure class=\"swiper-slide-inner\"><img decoding=\"async\" class=\"swiper-slide-image\" src=\"https:\/\/brembana.info\/borghi\/wp-content\/uploads\/elementor\/thumbs\/pusdosso2-q2i7sic3nmh9mfe5ld5ktwu7shf62yrunqv3v1v80o.jpg\" alt=\"pusdosso2\" \/><\/figure><\/div><div class=\"swiper-slide\"><figure class=\"swiper-slide-inner\"><img decoding=\"async\" class=\"swiper-slide-image\" src=\"https:\/\/brembana.info\/borghi\/wp-content\/uploads\/elementor\/thumbs\/pusdosso1-q2i7she9gsfzatfiquqy9f2r73jsv9o4bm7mdrwm6w.jpg\" alt=\"pusdosso1\" \/><\/figure><\/div>\t\t\t<\/div>\n\t\t\t\t\t\t\t\t\t\t\t\t<div class=\"swiper-pagination\"><\/div>\n\t\t\t\t\t\t\t\t\t\t\t\t\t<div class=\"elementor-swiper-button elementor-swiper-button-prev\" role=\"button\" tabindex=\"0\">\n\t\t\t\t\t\t<i aria-hidden=\"true\" class=\"eicon-chevron-left\"><\/i>\t\t\t\t\t\t<span class=\"elementor-screen-only\">Immagine precedente<\/span>\n\t\t\t\t\t<\/div>\n\t\t\t\t\t<div class=\"elementor-swiper-button elementor-swiper-button-next\" role=\"button\" tabindex=\"0\">\n\t\t\t\t\t\t<i aria-hidden=\"true\" class=\"eicon-chevron-right\"><\/i>\t\t\t\t\t\t<span class=\"elementor-screen-only\">Immagine successiva<\/span>\n\t\t\t\t\t<\/div>\n\t\t\t\t\t\t\t\t\t<\/div>\n\t\t\t\t<\/div>\n\t\t\t\t<\/div>\n\t\t\t\t\t<\/div>\n\t\t<\/div>\n\t\t\t\t\t\t\t<\/div>\n\t\t<\/section>\n\t\t\t\t\t\t\t<\/div>\n\t\t","protected":false},"excerpt":{"rendered":"<p>Borghi brembani Borgo di Pusdosso UN PO DI STORIA Pusdosso e i Borghi di Fondra Pusdosso, posta a 1038 metri di quota, \u00e8 la frazione pi\u00f9 alta del Comune di Isola di Fondra, ed \u00e8 la pi\u00f9 popolata: 7 sono i residenti, cui si aggiungono almeno una ventina di persone nei fine settimana e nel &hellip;<\/p>\n<p class=\"read-more\"> <a class=\"\" href=\"https:\/\/brembana.info\/borghi\/borgo-di-pussdosso\/\"> <span class=\"screen-reader-text\">Borgo di Pussdosso<\/span> Leggi altro &raquo;<\/a><\/p>\n","protected":false},"author":1,"featured_media":0,"parent":0,"menu_order":0,"comment_status":"closed","ping_status":"closed","template":"","meta":{"site-sidebar-layout":"no-sidebar","site-content-layout":"page-builder","ast-global-header-display":"","ast-banner-title-visibility":"","ast-main-header-display":"","ast-hfb-above-header-display":"","ast-hfb-below-header-display":"","ast-hfb-mobile-header-display":"","site-post-title":"disabled","ast-breadcrumbs-content":"","ast-featured-img":"disabled","footer-sml-layout":"","theme-transparent-header-meta":"default","adv-header-id-meta":"","stick-header-meta":"","header-above-stick-meta":"","header-main-stick-meta":"","header-below-stick-meta":"","footnotes":""},"class_list":["post-524","page","type-page","status-publish","hentry"],"acf":[],"_links":{"self":[{"href":"https:\/\/brembana.info\/borghi\/wp-json\/wp\/v2\/pages\/524","targetHints":{"allow":["GET"]}}],"collection":[{"href":"https:\/\/brembana.info\/borghi\/wp-json\/wp\/v2\/pages"}],"about":[{"href":"https:\/\/brembana.info\/borghi\/wp-json\/wp\/v2\/types\/page"}],"author":[{"embeddable":true,"href":"https:\/\/brembana.info\/borghi\/wp-json\/wp\/v2\/users\/1"}],"replies":[{"embeddable":true,"href":"https:\/\/brembana.info\/borghi\/wp-json\/wp\/v2\/comments?post=524"}],"version-history":[{"count":7,"href":"https:\/\/brembana.info\/borghi\/wp-json\/wp\/v2\/pages\/524\/revisions"}],"predecessor-version":[{"id":572,"href":"https:\/\/brembana.info\/borghi\/wp-json\/wp\/v2\/pages\/524\/revisions\/572"}],"wp:attachment":[{"href":"https:\/\/brembana.info\/borghi\/wp-json\/wp\/v2\/media?parent=524"}],"curies":[{"name":"wp","href":"https:\/\/api.w.org\/{rel}","templated":true}]}}